{"id":217,"date":"2025-12-23T16:58:15","date_gmt":"2025-12-23T16:58:15","guid":{"rendered":"https:\/\/teleconectaecuador.ec\/?page_id=217"},"modified":"2025-12-29T17:36:59","modified_gmt":"2025-12-29T17:36:59","slug":"nosotros","status":"publish","type":"page","link":"https:\/\/teleconectaecuador.ec\/index.php\/nosotros\/","title":{"rendered":"NOSOTROS"},"content":{"rendered":"\t\t<div data-elementor-type=\"wp-page\" data-elementor-id=\"217\" class=\"elementor elementor-217\" data-elementor-post-type=\"page\">\n\t\t\t\t<div class=\"elementor-element elementor-element-77069a9 e-con-full e-flex e-con e-parent\" data-id=\"77069a9\" data-element_type=\"container\" data-settings=\"{&quot;background_background&quot;:&quot;classic&quot;}\">\n\t\t<div class=\"elementor-element elementor-element-f26dd43 e-con-full e-flex e-con e-child\" data-id=\"f26dd43\" data-element_type=\"container\">\n\t\t\t\t<div class=\"elementor-element elementor-element-40e60eb elementor-widget__width-initial elementor-widget-mobile__width-initial elementor-widget elementor-widget-image\" data-id=\"40e60eb\" data-element_type=\"widget\" data-widget_type=\"image.default\">\n\t\t\t\t\t\t\t\t\t\t\t\t\t\t\t<img fetchpriority=\"high\" decoding=\"async\" width=\"850\" height=\"1020\" src=\"https:\/\/teleconectaecuador.ec\/wp-content\/uploads\/2025\/12\/NOSOTROS-e1766509615883.png\" class=\"attachment-2048x2048 size-2048x2048 wp-image-230\" alt=\"\" srcset=\"https:\/\/teleconectaecuador.ec\/wp-content\/uploads\/2025\/12\/NOSOTROS-e1766509615883.png 850w, https:\/\/teleconectaecuador.ec\/wp-content\/uploads\/2025\/12\/NOSOTROS-e1766509615883-250x300.png 250w, https:\/\/teleconectaecuador.ec\/wp-content\/uploads\/2025\/12\/NOSOTROS-e1766509615883-768x922.png 768w\" sizes=\"(max-width: 850px) 100vw, 850px\" \/>\t\t\t\t\t\t\t\t\t\t\t\t\t\t\t<\/div>\n\t\t\t\t<\/div>\n\t\t<div class=\"elementor-element elementor-element-82a4e40 e-con-full e-flex e-con e-child\" data-id=\"82a4e40\" data-element_type=\"container\">\n\t\t\t\t<div class=\"elementor-element elementor-element-1c56ae2 elementor-widget__width-initial elementor-widget-tablet__width-initial elementor-widget elementor-widget-text-editor\" data-id=\"1c56ae2\" data-element_type=\"widget\" data-widget_type=\"text-editor.default\">\n\t\t\t\t\t\t\t\t\t<p><strong>Te ayudamos a generar m\u00e1s ventas<\/strong><\/p>\t\t\t\t\t\t\t\t<\/div>\n\t\t\t\t<div class=\"elementor-element elementor-element-0664fc2 elementor-widget__width-initial elementor-widget-tablet__width-initial elementor-widget elementor-widget-text-editor\" data-id=\"0664fc2\" data-element_type=\"widget\" data-widget_type=\"text-editor.default\">\n\t\t\t\t\t\t\t\t\t<p><strong>Brindamos soluciones integrales de atenci\u00f3n al<br \/>cliente, ventas y soporte t\u00e9cnico. <\/strong><\/p>\t\t\t\t\t\t\t\t<\/div>\n\t\t\t\t<div class=\"elementor-element elementor-element-054c284 elementor-mobile-align-center elementor-widget__width-initial elementor-widget elementor-widget-button\" data-id=\"054c284\" data-element_type=\"widget\" data-widget_type=\"button.default\">\n\t\t\t\t\t\t\t\t\t\t<a class=\"elementor-button elementor-button-link elementor-size-sm\" href=\"#\">\n\t\t\t\t\t\t<span class=\"elementor-button-content-wrapper\">\n\t\t\t\t\t\t\t\t\t<span class=\"elementor-button-text\">Cont\u00e1ctanos<\/span>\n\t\t\t\t\t<\/span>\n\t\t\t\t\t<\/a>\n\t\t\t\t\t\t\t\t<\/div>\n\t\t\t\t<\/div>\n\t\t\t\t<\/div>\n\t\t<div class=\"elementor-element elementor-element-06f743b e-con-full e-flex e-con e-parent\" data-id=\"06f743b\" data-element_type=\"container\" data-settings=\"{&quot;background_background&quot;:&quot;classic&quot;}\">\n\t\t\t\t<div class=\"elementor-element elementor-element-98cb02f elementor-widget elementor-widget-text-editor\" data-id=\"98cb02f\" data-element_type=\"widget\" data-widget_type=\"text-editor.default\">\n\t\t\t\t\t\t\t\t\t<p>Somos<\/p>\t\t\t\t\t\t\t\t<\/div>\n\t\t\t\t<div class=\"elementor-element elementor-element-cfd0eb3 elementor-widget elementor-widget-text-editor\" data-id=\"cfd0eb3\" data-element_type=\"widget\" data-widget_type=\"text-editor.default\">\n\t\t\t\t\t\t\t\t\t<p>TeleconectaEcuador, una compa\u00f1\u00eda de servicios de contact center y BPO<br \/>(Business Process Outsourcing) que brinda soluciones integrales de atenci\u00f3n<br \/>al cliente, ventas y soporte t\u00e9cnico a empresas nacionales e internacionales<\/p>\t\t\t\t\t\t\t\t<\/div>\n\t\t\t\t<\/div>\n\t\t<div class=\"elementor-element elementor-element-a8edb86 e-con-full e-flex e-con e-parent\" data-id=\"a8edb86\" data-element_type=\"container\" data-settings=\"{&quot;background_background&quot;:&quot;classic&quot;}\">\n\t\t\t\t<div class=\"elementor-element elementor-element-e3c4f94 elementor-widget__width-initial elementor-widget elementor-widget-text-editor\" data-id=\"e3c4f94\" data-element_type=\"widget\" data-widget_type=\"text-editor.default\">\n\t\t\t\t\t\t\t\t\t<p>Lo hacemos diferente<\/p>\t\t\t\t\t\t\t\t<\/div>\n\t\t\t\t<\/div>\n\t\t<div class=\"elementor-element elementor-element-522db2b e-con-full e-flex e-con e-parent\" data-id=\"522db2b\" data-element_type=\"container\" data-settings=\"{&quot;background_background&quot;:&quot;classic&quot;}\">\n\t\t<div class=\"elementor-element elementor-element-17edc79 e-con-full e-flex e-con e-child\" data-id=\"17edc79\" data-element_type=\"container\">\n\t\t\t\t<div class=\"elementor-element elementor-element-1829631 elementor-widget elementor-widget-image\" data-id=\"1829631\" data-element_type=\"widget\" data-widget_type=\"image.default\">\n\t\t\t\t\t\t\t\t\t\t\t\t\t\t\t<img decoding=\"async\" width=\"300\" height=\"300\" src=\"https:\/\/teleconectaecuador.ec\/wp-content\/uploads\/2025\/12\/NOSOTROS-2-300x300.png\" class=\"attachment-medium size-medium wp-image-239\" alt=\"\" srcset=\"https:\/\/teleconectaecuador.ec\/wp-content\/uploads\/2025\/12\/NOSOTROS-2-300x300.png 300w, https:\/\/teleconectaecuador.ec\/wp-content\/uploads\/2025\/12\/NOSOTROS-2-1024x1024.png 1024w, https:\/\/teleconectaecuador.ec\/wp-content\/uploads\/2025\/12\/NOSOTROS-2-150x150.png 150w, https:\/\/teleconectaecuador.ec\/wp-content\/uploads\/2025\/12\/NOSOTROS-2-768x768.png 768w, https:\/\/teleconectaecuador.ec\/wp-content\/uploads\/2025\/12\/NOSOTROS-2.png 1080w\" sizes=\"(max-width: 300px) 100vw, 300px\" \/>\t\t\t\t\t\t\t\t\t\t\t\t\t\t\t<\/div>\n\t\t\t\t<div class=\"elementor-element elementor-element-3663cb0 elementor-widget elementor-widget-text-editor\" data-id=\"3663cb0\" data-element_type=\"widget\" data-widget_type=\"text-editor.default\">\n\t\t\t\t\t\t\t\t\t<p>Confidencialidad<\/p>\t\t\t\t\t\t\t\t<\/div>\n\t\t\t\t<div class=\"elementor-element elementor-element-424ba0b elementor-widget__width-initial elementor-widget-mobile__width-initial elementor-widget elementor-widget-text-editor\" data-id=\"424ba0b\" data-element_type=\"widget\" data-widget_type=\"text-editor.default\">\n\t\t\t\t\t\t\t\t\t<p>Es lo primero para nosotros<\/p>\t\t\t\t\t\t\t\t<\/div>\n\t\t\t\t<\/div>\n\t\t<div class=\"elementor-element elementor-element-99cba61 e-con-full e-flex e-con e-child\" data-id=\"99cba61\" data-element_type=\"container\">\n\t\t\t\t<div class=\"elementor-element elementor-element-bd04d6f elementor-widget elementor-widget-image\" data-id=\"bd04d6f\" data-element_type=\"widget\" data-widget_type=\"image.default\">\n\t\t\t\t\t\t\t\t\t\t\t\t\t\t\t<img decoding=\"async\" width=\"300\" height=\"300\" src=\"https:\/\/teleconectaecuador.ec\/wp-content\/uploads\/2025\/12\/NOSOTROS-3-300x300.png\" class=\"attachment-medium size-medium wp-image-240\" alt=\"\" srcset=\"https:\/\/teleconectaecuador.ec\/wp-content\/uploads\/2025\/12\/NOSOTROS-3-300x300.png 300w, https:\/\/teleconectaecuador.ec\/wp-content\/uploads\/2025\/12\/NOSOTROS-3-1024x1024.png 1024w, https:\/\/teleconectaecuador.ec\/wp-content\/uploads\/2025\/12\/NOSOTROS-3-150x150.png 150w, https:\/\/teleconectaecuador.ec\/wp-content\/uploads\/2025\/12\/NOSOTROS-3-768x768.png 768w, https:\/\/teleconectaecuador.ec\/wp-content\/uploads\/2025\/12\/NOSOTROS-3.png 1080w\" sizes=\"(max-width: 300px) 100vw, 300px\" \/>\t\t\t\t\t\t\t\t\t\t\t\t\t\t\t<\/div>\n\t\t\t\t<div class=\"elementor-element elementor-element-47456cc elementor-widget elementor-widget-text-editor\" data-id=\"47456cc\" data-element_type=\"widget\" data-widget_type=\"text-editor.default\">\n\t\t\t\t\t\t\t\t\t<p>Cumplimiento<\/p>\t\t\t\t\t\t\t\t<\/div>\n\t\t\t\t<div class=\"elementor-element elementor-element-9cc3d0c elementor-widget__width-initial elementor-widget-mobile__width-initial elementor-widget elementor-widget-text-editor\" data-id=\"9cc3d0c\" data-element_type=\"widget\" data-widget_type=\"text-editor.default\">\n\t\t\t\t\t\t\t\t\t<p>Tus metas son nuestras metas<\/p>\t\t\t\t\t\t\t\t<\/div>\n\t\t\t\t<\/div>\n\t\t<div class=\"elementor-element elementor-element-fa09665 e-con-full e-flex e-con e-child\" data-id=\"fa09665\" data-element_type=\"container\">\n\t\t\t\t<div class=\"elementor-element elementor-element-b748145 elementor-widget elementor-widget-image\" data-id=\"b748145\" data-element_type=\"widget\" data-widget_type=\"image.default\">\n\t\t\t\t\t\t\t\t\t\t\t\t\t\t\t<img loading=\"lazy\" decoding=\"async\" width=\"300\" height=\"300\" src=\"https:\/\/teleconectaecuador.ec\/wp-content\/uploads\/2025\/12\/NOSOTROS-4-300x300.png\" class=\"attachment-medium size-medium wp-image-238\" alt=\"\" srcset=\"https:\/\/teleconectaecuador.ec\/wp-content\/uploads\/2025\/12\/NOSOTROS-4-300x300.png 300w, https:\/\/teleconectaecuador.ec\/wp-content\/uploads\/2025\/12\/NOSOTROS-4-1024x1024.png 1024w, https:\/\/teleconectaecuador.ec\/wp-content\/uploads\/2025\/12\/NOSOTROS-4-150x150.png 150w, https:\/\/teleconectaecuador.ec\/wp-content\/uploads\/2025\/12\/NOSOTROS-4-768x768.png 768w, https:\/\/teleconectaecuador.ec\/wp-content\/uploads\/2025\/12\/NOSOTROS-4.png 1080w\" sizes=\"(max-width: 300px) 100vw, 300px\" \/>\t\t\t\t\t\t\t\t\t\t\t\t\t\t\t<\/div>\n\t\t\t\t<div class=\"elementor-element elementor-element-68dd8eb elementor-widget elementor-widget-text-editor\" data-id=\"68dd8eb\" data-element_type=\"widget\" data-widget_type=\"text-editor.default\">\n\t\t\t\t\t\t\t\t\t<p>Compromiso<\/p>\t\t\t\t\t\t\t\t<\/div>\n\t\t\t\t<div class=\"elementor-element elementor-element-d4ea38a elementor-widget__width-initial elementor-widget elementor-widget-text-editor\" data-id=\"d4ea38a\" data-element_type=\"widget\" data-widget_type=\"text-editor.default\">\n\t\t\t\t\t\t\t\t\t<p>Nuestro equipo 100% a tu servicio.<\/p>\t\t\t\t\t\t\t\t<\/div>\n\t\t\t\t<\/div>\n\t\t\t\t<\/div>\n\t\t\t\t<\/div>\n\t\t","protected":false},"excerpt":{"rendered":"<p>Te ayudamos a generar m\u00e1s ventas Brindamos soluciones integrales de atenci\u00f3n alcliente, ventas y soporte t\u00e9cnico. Cont\u00e1ctanos Somos TeleconectaEcuador, una [&hellip;]<\/p>\n","protected":false},"author":1,"featured_media":0,"parent":0,"menu_order":0,"comment_status":"closed","ping_status":"closed","template":"elementor_header_footer","meta":{"site-sidebar-layout":"no-sidebar","site-content-layout":"","ast-site-content-layout":"full-width-container","site-content-style":"default","site-sidebar-style":"default","ast-global-header-display":"","ast-banner-title-visibility":"","ast-main-header-display":"","ast-hfb-above-header-display":"","ast-hfb-below-header-display":"","ast-hfb-mobile-header-display":"","site-post-title":"disabled","ast-breadcrumbs-content":"","ast-featured-img":"disabled","footer-sml-layout":"","ast-disable-related-posts":"","theme-transparent-header-meta":"","adv-header-id-meta":"","stick-header-meta":"","header-above-stick-meta":"","header-main-stick-meta":"","header-below-stick-meta":"","astra-migrate-meta-layouts":"default","ast-page-background-enabled":"default","ast-page-background-meta":{"desktop":{"background-color":"var(--ast-global-color-5)","background-image":"","background-repeat":"repeat","background-position":"center center","background-size":"auto","background-attachment":"scroll","background-type":"","background-media":"","overlay-type":"","overlay-color":"","overlay-opacity":"","overlay-gradient":""},"tablet":{"background-color":"","background-image":"","background-repeat":"repeat","background-position":"center center","background-size":"auto","background-attachment":"scroll","background-type":"","background-media":"","overlay-type":"","overlay-color":"","overlay-opacity":"","overlay-gradient":""},"mobile":{"background-color":"","background-image":"","background-repeat":"repeat","background-position":"center center","background-size":"auto","background-attachment":"scroll","background-type":"","background-media":"","overlay-type":"","overlay-color":"","overlay-opacity":"","overlay-gradient":""}},"ast-content-background-meta":{"desktop":{"background-color":"var(--ast-global-color-4)","background-image":"","background-repeat":"repeat","background-position":"center center","background-size":"auto","background-attachment":"scroll","background-type":"","background-media":"","overlay-type":"","overlay-color":"","overlay-opacity":"","overlay-gradient":""},"tablet":{"background-color":"var(--ast-global-color-4)","background-image":"","background-repeat":"repeat","background-position":"center center","background-size":"auto","background-attachment":"scroll","background-type":"","background-media":"","overlay-type":"","overlay-color":"","overlay-opacity":"","overlay-gradient":""},"mobile":{"background-color":"var(--ast-global-color-4)","background-image":"","background-repeat":"repeat","background-position":"center center","background-size":"auto","background-attachment":"scroll","background-type":"","background-media":"","overlay-type":"","overlay-color":"","overlay-opacity":"","overlay-gradient":""}},"footnotes":""},"class_list":["post-217","page","type-page","status-publish","hentry"],"_links":{"self":[{"href":"https:\/\/teleconectaecuador.ec\/index.php\/wp-json\/wp\/v2\/pages\/217","targetHints":{"allow":["GET"]}}],"collection":[{"href":"https:\/\/teleconectaecuador.ec\/index.php\/wp-json\/wp\/v2\/pages"}],"about":[{"href":"https:\/\/teleconectaecuador.ec\/index.php\/wp-json\/wp\/v2\/types\/page"}],"author":[{"embeddable":true,"href":"https:\/\/teleconectaecuador.ec\/index.php\/wp-json\/wp\/v2\/users\/1"}],"replies":[{"embeddable":true,"href":"https:\/\/teleconectaecuador.ec\/index.php\/wp-json\/wp\/v2\/comments?post=217"}],"version-history":[{"count":58,"href":"https:\/\/teleconectaecuador.ec\/index.php\/wp-json\/wp\/v2\/pages\/217\/revisions"}],"predecessor-version":[{"id":672,"href":"https:\/\/teleconectaecuador.ec\/index.php\/wp-json\/wp\/v2\/pages\/217\/revisions\/672"}],"wp:attachment":[{"href":"https:\/\/teleconectaecuador.ec\/index.php\/wp-json\/wp\/v2\/media?parent=217"}],"curies":[{"name":"wp","href":"https:\/\/api.w.org\/{rel}","templated":true}]}}